 digit of l?
9
Let b be (684/8)/((-2)/4). Let x = 74 - b. What is the hundreds digit of x?
2
Let q be 1 - 6/9*-6. Let p(a) = -a**3 + 4*a**2 + 6*a. Let r be p(q). Suppose 4*t - 3*s = 28 + 39, 104 = r*t + 3*s. What is the tens digit of t?
1
What is the units digit of (-3 + 0 - 2) + (17 - -964)?
6
Let v be (-6)/9 + 48/(-9). What is the units digit of (-56)/(-1)*(-3)/v?
8
Suppose 972 = -68*w + 86*w. What is the tens digit of w?
5
Suppose -21*o = 26*o - 15980. What is the hundreds digit of o?
3
Suppose -6*p + 2*p = 0. Suppose -3*a + 7*a = p. Suppose a = -3*f + 123 + 45. What is the tens digit of f?
5
What is the hundreds digit of 2*(3 - 15)*-64?
5
Let p be (-1)/1 - (-4 + 79) - 2. What is the units digit of 506/6 + -1 - (-26)/p?
3
Let y = 7511 + -4134. What is the thousands digit of y?
3
Suppose -2*s + a + 1458 = 3*a, -5*a + 1452 = 2*s. What is the units digit of s?
1
Let r be (981/(-3))/((-3)/2). Suppose -2 + 17 = 5*w, -2*w - r = 4*l. What is the units digit of 72/14*l/(-12)?
4
Let f = -1 + -34. Let z = f + 41. Suppose -z*y = -148 - 74. What is the tens digit of y?
3
Let z(p) = 15*p**3 + 2*p + 4. Let o be z(3). Suppose -3*n + 3*c - 345 = 0, -4*n - c - o = 4*c. What is the tens digit of (n/15)/(2/(-3))?
1
Let r(y) be the first derivative of -y**3/3 - 21*y**2/2 - 23*y + 2. What is the tens digit of r(-13)?
8
Let w(g) = g**3 - 24*g**2 + 32*g - 5. What is the units digit of w(24)?
3
Suppose 99 = -13*t - 44. Let g(l) = l**2 - 30. What is the tens digit of g(t)?
9
Let p(b) = b**2 - 12*b. What is the units digit of p(-14)?
4
Let k(o) be the second derivative of o**3/6 + 3*o**2 - 7*o. Let h be ((-2)/(-6))/((-5)/(-90)). What is the tens digit of k(h)?
1
Let c(l) = -l**3 + 7*l**2 + 5*l - 4. Let x be c(-5). Suppose -4*u + x = -49. Suppose -j + u = 3*j. What is the units digit of j?
0
Let b(t) = 2*t**2 - t + 12. Let j(d) = d**2. Let y(a) = b(a) - 3*j(a). Let q be y(-4). Suppose q = 2*w + w - 135. What is the units digit of w?
5
Let g(i) = i**2 - 2*i - 6. Let r be g(4). Suppose r*w + 3*w - 785 = 0. What is the tens digit of w?
5
Suppose 0 = c + 3*y - 16, 2*c + 4*y = c + 21. Suppose -i - 5*f = -47, 4*i - 4*f - 268 = -56. Let k = i + c. What is the units digit of k?
3
Suppose -4*k + 2780 = 5*d, 5*d + 2*k - 2780 = -0*k. What is the units digit of d?
6
Let w be ((-21)/(-15) + 0)*5. Let t = -4 + w. Suppose 0 = 2*d + 3*h - 41, 3*d - 51 = t*h - 4*h. What is the units digit of d?
6
Suppose 4*v = 8, -3*x + 0*x + 351 = 3*v. Let c = x + -35. What is the units digit of c?
0
Let b be (-68)/(-8)*4 - -1. Suppose -j - 9 = -b. What is the units digit of (3 + 2)*j/10?
3
Let a(c) = 642*c**2 - 115*c + 224. What is the thousands digit of a(2)?
2
Suppose 3 + 0 = c, 3*c = 4*m - 239. Let a = 73 - 105. Let j = m + a. What is the tens digit of j?
3
What is the tens digit of -2 + 2328/(36/9)?
8
Let h = 3347 - 1815. What is the thousands digit of h?
1
Suppose 5*w = 5*c - 10645, -3*c - 2*w = 2*w - 6401. What is the tens digit of c?
3
Suppose 0 = -4*v + 5*x + 9257, -v + 3*x + 2458 = 149. What is the thousands digit of v?
2
Suppose 2*v + l = -l + 18, 4*v - 16 = l. Suppose -5*w = v*i - 265, 3*i + 2*i = 2*w - 106. Let b = w + -28. What is the tens digit of b?
2
Suppose 4*h - 4068 = -2*f, -5*h + 3*f - 1831 + 6938 = 0. What is the tens digit of h?
1
Let b(x) be the first derivative of -x**2 - x + 4. Let r be b(0). What is the units digit of 14 + (-4 - -1)*r?
7
What is the hundreds digit of ((-185)/(-20))/(0 - (-1)/36)?
3
Let r(n) = -15*n - 47. What is the hundreds digit of r(-22)?
2
Suppose w + 2*w = -4*k + 156, 16 = 4*w. Suppose -36 = 3*g - g. Let r = g + k. What is the units digit of r?
8
Let w(z) = -z**3 + 6*z**2 + 7*z - 1. Let h be w(7). Let x = h + -1. Let p(f) = -17*f - 4. What is the units digit of p(x)?
0
Let p(y) = 3*y**2 + 100*y + 291. What is the thousands digit of p(-48)?
2
Suppose 0 = -8*w + 12 + 36. What is the units digit of 932/20 + -1 + w/(-10)?
5
Suppose 27*g - 15*g = 12396. What is the tens digit of g?
3
Let g(w) = w**3 - 11*w - 13. Let b be g(-6). Let m = -114 - b. What is the units digit of m?
9
Let u = -648 - -1119. Let i = -877 + u. What is the units digit of i/(-126) - (-2)/(-9)?
3
Let m = 53 + -41. What is the tens digit of (-18)/m - 543/(-6)?
8
What is the hundreds digit of (-90)/(-135) - 9/((-27)/10360)?
4
Let o(d) = -d**3 - 10*d**2 - 9*d + 1. Let t be o(-9). Let c = 8 + t. Suppose 2*u + 5*k + c = 0, 0 = u - 0*u - 4*k - 15. What is the units digit of u?
3
What is the hundreds digit of (-10 - 88/(-4)) + 295?
3
Let t(w) = 2*w + 3. Let z(j) = -3*j - 3. Let f(v) = 4*t(v) + 3*z(v). Let o be f(8). Let y(u) = 2*u**2 + 9*u + 4. What is the units digit of y(o)?
9
Let s(n) = -4*n - 34. Let f(o) = o + 11. Let u(q) = -10*f(q) - 3*s(q). Let r be u(7). Let v = 55 - r. What is the tens digit of v?
4
What is the hundreds digit of ((-16617)/(-4))/3 + 16/64?
3
Suppose 30 = 3*b + 7*b. Suppose 5*a = 2*f - 55, f = -2*f + b*a + 87. What is the tens digit of f?
3
Suppose 2*r - i - 3 = 0, -3*r = 2*i - 13 - 9. Let w(c) = -2*c**2 + 4*c + 4. Let o be w(r). What is the tens digit of o/66 - 796/(-22)?
3
Suppose -4*d - 8 = 0, 7*d + 3938 = 2*l + 9*d. What is the units digit of l?
1
Suppose 5 - 17 = -6*p. What is the units digit of (-3)/(-6)*p - (0 + -3)?
4
Let q(j) be the second derivative of j**3/3 + j**2 + 4*j. Suppose 15*s - 11*s - 8 = 0. What is the units digit of q(s)?
6
Suppose -15*j + 558 = -12*j + 2*i, 372 = 2*j - 2*i. What is the units digit of j?
6
What is the units digit of (-1 - 156)*((-5 - 3) + 7)?
7
Let f = -7 + 9. Suppose 2*w - f*g - 223 = 93, 446 = 3*w + 4*g. What is the units digit of (-3)/6 + w/4?
8
What is the units digit of 1329/(7 - 4) + -5?
8
Suppose 0 = 2*h - 4. Suppose 2*p - 46 = -4*u, p - 5*p = h*u - 14. What is the units digit of u?
3
Let g(b) = b**2 + 7*b + 10. Let y be g(-6). Let d be 3 - y*4/16. Suppose 0 = -5*v - k + d*k + 173, 2*k + 74 = 2*v. What is the tens digit of v?
3
Let k(u) = 3*u**2 + 13*u + 2. Let s(r) = 7*r**2 + 27*r + 5. Let n(d) = -5*k(d) + 2*s(d). What is the tens digit of n(-6)?
3
Suppose 0 = 3*j - 12, 0*j - j = 3*p - 13. Suppose -p*h = -7*h + 20. Suppose -4*o - i = -87, o - i - 23 - h = 0. What is the units digit of o?
3
Let y(x) = 16*x**2 + 5*x. Let w be 0 + 4 - (-3)/(-3). What is the units digit of y(w)?
9
Let v be 36/14 + 4/(140/15). Suppose -v*y + 91 = -167. What is the units digit of y?
6
Suppose -3115 = -2*k - h, 0 = 6*k - 3*k - 5*h - 4640. What is the units digit of k?
5
Suppose 5*s - 42 + 9 = -3*v, -33 = -3*v + 2*s. Let z(x) = x - 8. Let g be z(v). Suppose 0 = -n + g*n - 50. What is the tens digit of n?
2
Suppose 2*v = 3*v - 13. Let g be 75/(-10)*(-4)/(-3). Let m = v - g. What is the tens digit of m?
2
Suppose 2*f + k - 26 = -1, 4*k = 4*f - 56. Suppose 23 - f = 5*s. Suppose -s*m + 26 = -30. What is the units digit of m?
8
Let u(c) = -20*c**2 - 4*c - 17. Let f(s) = 20*s**2 + 5*s + 17. Let l(r) = 3*f(r) + 2*u(r). What is the tens digit of l(-4)?
0
Suppose 2*t = 3*h + 11, 2*t - h = -t + 6. Let r be (-28)/4 + 3*t. What is the units digit of 23 - r*3/(-3)?
9
Let p = 13 - 26. Let f = p - -27. What is the units digit of f?
4
Let d(h) be the first derivative of 16*h**3/3 + 2*h**2 + 8*h + 49. What is the hundreds digit of d(-3)?
1
Let l = 166 + 5. What is the hundreds digit of l?
1
Let x be (-7)/(1350/1355 + -1). Suppose 7*s + 0*s - x = 0. What is the units digit of s?
1
Let q be (2 + (-3)/(-3))*3. Let u = 12 - q. Suppose 197 + u = 4*s. What is the tens digit of s?
5
Let f(w) = -w - 6. Let t be f(-3). What is the tens digit of t + (4 - -64) + 6/2?
6
Suppose 4 + 80 = -4*g. Let t = -19 - g. Suppose -6*z + z = -2*y - 65, 4*z - 52 = t*y. What is the tens digit of z?
1
Let o = 71 + -150. Let v = 14 - o. What is the units digit of v?
3
Let u(t) = t**3 + t**2 - 2*t - 2. Let w be u(3). Suppose -4*s + 4*z - w = 6*z, -12 = 3*z. Let g = 6 + s. What is the units digit of g?
1
Suppose 15 = -3*t, -2*l + 4*l = -5*t - 21. What is the tens digit of 3 + (l - 1 - (-48)/6)?
1
Suppose -558 - 772 = -14*p. What is the tens digit of p?
9
Let z(b) = -6*b - 33*b + 5*b - 3*b. Suppose 3*m - 6*m - 3 = 0. What is the tens digit of z(m)?
3
Suppose 5*y + 10 = -5*d, -1 = -4*d + y + 1. Suppose 4*o - 10 = -4*k + o, -5*k + 5*o + 30 = d. What is the units digit of k?
4
Let n(j) = -j**3 